et y = a + c. What is the highest common factor of y and 77?
11
Suppose k - 3*s - 4 = -0*s, -4*k + 5*s = -44. Let d be (132/k)/((-2)/(-8)). Let o = d - 23. Calculate the greatest common divisor of 4 and o.
2
Let s = -49 - -48. Let m be (-1)/s + (-5)/(-10)*70. Calculate the highest common factor of m and 48.
12
Let z(f) = 11*f**2 - 8*f + 13. Let u be z(2). What is the greatest common divisor of u and 287?
41
Let n = 20 - -28. Let a = n - 18. Let z = 22 + -2. Calculate the greatest common divisor of z and a.
10
Let p = -441 - -446. Suppose -z + 1 + 0 = 0. What is the highest common divisor of p and z?
1
Suppose -3*i - 2454 = -5*b, -1960 = -17*b + 13*b + 4*i. What is the highest common factor of b and 84?
12
Let q(j) = -j**2 - 7*j + 2. Let t be q(-7). Suppose 0*w = w - t. What is the greatest common divisor of w and 10?
2
Let t(p) = -2*p**2 + 4*p + 1. Let c be t(3). Let r be ((-14)/10 - 0)*c. What is the greatest common factor of 21 and r?
7
Let l(q) = 4*q - 19. Let f be l(4). Let g(d) = -2*d + 14. Let t be g(f). What is the highest common divisor of 50 and t?
10
Let s = -42 + 67. Let p(l) = 3*l + 25. Let o be p(0). What is the greatest common factor of o and s?
25
Let v = 2 - -3. Suppose u - 5 = -4*u + v*o, 5*o = -15. Let m(r) = 12*r**2 - r - 2. Let i be m(u). Calculate the highest common divisor of i and 120.
24
Let x(r) = -2*r + 27. Let i be x(15). Let j be ((-31)/3)/(i/45 - 0). Calculate the highest common factor of j and 62.
31
Let h be (-4)/10 + (-74)/(-10). Suppose -2*s - 160 = -h*s. Let c = 10 - -6. What is the greatest common divisor of c and s?
16
Suppose 34*t - 4*y + 19 = 39*t, -t = -5*y + 2. Let i(p) = p**3 + 8*p**2 - 8*p + 11. Let a be i(-9). What is the greatest common divisor of t and a?
1
Let y be (-4 - 0 - -1) + 26. Let m be -10 + 3 + 2 + 235. Calculate the greatest common factor of y and m.
23
Suppose -62*d + 2679 = 571. What is the greatest common factor of d and 85?
17
Suppose -93*k + 2521 = -827. Let w(z) = 2*z**3 - 2*z. Let o be w(2). What is the highest common factor of o and k?
12
Suppose 3*f + 525 = 18*f. What is the highest common divisor of 70 and f?
35
Let d = -628 + 636. What is the highest common divisor of d and 384?
8
Let g = -277 - -133. Suppose -6*t + 10*t - 92 = -4*f, 0 = 4*f + 3*t - 97. Let m be g/(-7) - (-12)/f. Calculate the highest common factor of 7 and m.
7
Let i = 39 - 27. Suppose 0 = -54*c + 59*c - 15. Calculate the greatest common factor of i and c.
3
Suppose -9*n - 300 = -13*n - 2*t, 4*n = -t + 300. What is the highest common factor of 850 and n?
25
Let d = -406 - -492. Calculate the greatest common divisor of 301 and d.
43
Let a = -16 - 16. Let s = a - -51. Let o be (-9 - -8)/((-1)/s). Calculate the greatest common divisor of 171 and o.
19
Let s(x) = -x**3 - 4*x**2 - 2*x - 3. Let c be s(-5). Calculate the highest common divisor of c and 416.
32
Suppose 0 = -171*b + 165*b + 714. What is the greatest common factor of 91 and b?
7
Let c be (-6)/10*(-4515)/63. What is the greatest common divisor of 731 and c?
43
Let n be (-119)/1428 - (-1 + 385/(-12)). Calculate the highest common factor of 110 and n.
11
Suppose 19*w = 20*w - 120. Suppose 0 = 20*a - 6*a - 210. What is the greatest common divisor of w and a?
15
Suppose 2*l + 2*g - 711 + 109 = 0, 4*l + 2*g = 1210. What is the greatest common factor of 38 and l?
38
Suppose x = -4*x + 30. Let k be ((-45)/x)/(3/(-4)). What is the highest common factor of 50 and k?
10
Suppose -3*n + 4*y - 2 - 9 = 0, -2*n = -4*y + 14. Suppose n*f - 8 - 10 = 0. What is the greatest common divisor of f and 12?
6
Suppose -10*j = -1963 + 403. What is the greatest common divisor of j and 12?
12
Suppose -4*v - 2*f = -892, -4*v + 2*f = -v - 683. What is the highest common divisor of 25 and v?
25
Suppose -7*s + 2*s - t + 2225 = 0, -4*s + 1780 = 5*t. Calculate the greatest common divisor of s and 89.
89
Let p be ((-30)/(-9))/(4/6). Let n be 519/15 + 2/p. Let h = 1147 - 1140. What is the highest common factor of h and n?
7
Let d be (-230)/(-50) + 3/(30/4). Suppose -2*o - 2*o = 12. Let q = 37 - o. Calculate the greatest common divisor of d and q.
5
Let y(j) = -2*j**2 + 13 + 0*j**2 + 8*j + j**3 + 12*j**2 + 0*j**2. Let d be y(-9). What is the greatest common factor of d and 154?
22
Suppose 0 = 4*v - 7*v + 159. Let t = v - 37. What is the greatest common factor of t and 16?
16
Let u(b) = 11 + 12 - 18*b**2 + 0 + 16*b + b**3. Let q be u(17). Calculate the highest common factor of 2 and q.
2
Let g(r) = r**2 - 9*r - 122. Let s be g(19). Calculate the greatest common factor of s and 4.
4
Suppose 4*m = -2*w - 276, m - 6*w + 62 = -3*w. Let a = m - -134. Let v = -8 + 14. What is the greatest common factor of a and v?
6
Let l(j) = j**3 + 7*j**2 - 7*j + 10. Let p be l(-8). Let i be p/(((-9)/(-24))/((-3)/(-2))). What is the greatest common divisor of i and 4?
4
Let i(r) = r**2 + 2. Let y be i(0). Suppose 0 = y*h - 5*h + 2*b - 86, 0 = 3*h + 3*b + 96. Let x = -15 - h. What is the highest common divisor of x and 165?
15
Suppose 210 = 5*j - 6*u + 5*u, 0 = 3*j + 2*u - 126. What is the greatest common factor of j and 189?
21
Let j = 1540 + -1054. What is the highest common divisor of 6 and j?
6
Suppose 4*t + 6 - 54 = 0. Suppose 5*b + 8*p = 4*p + 48, -3*b - 4*p = -24. What is the greatest common factor of b and t?
12
Suppose -4*n = -4 - 4. Let b = 36 + n. Calculate the highest common factor of 57 and b.
19
Let i = 445 + -401. Calculate the highest common divisor of i and 77.
11
Let i = 15 + -18. Let z be 2 + -4 - i - -13. Let g(h) = 12*h - 16. Let r be g(z). What is the highest common divisor of 19 and r?
19
Let n(g) = g**2 + 9*g + 3. Let z be n(-15). Suppose 3*t + 18 = z. Let j = 33 - t. What is the highest common factor of 1 and j?
1
Let k(s) = s + 4. Suppose 2*l + 2*t = -l - 2, 0 = -4*l + 2*t - 26. Let j be k(l). Suppose 0 = -u - j*u + 16. What is the greatest common factor of u and 48?
16
Suppose -11*m - 29 = 37. Let n be -2 + 4 + m/6. What is the greatest common factor of n and 1?
1
Suppose -3*p + p = 0. Suppose 0*d + 3*d - 12 = p. Suppose 0*v = d*v - 8. Calculate the highest common factor of v and 5.
1
Suppose 103 + 275 = -2*v. Let x be (-42)/v - 25/(-9) - -7. Calculate the greatest common factor of x and 20.
10
Suppose -2*p + 46 = 5*u, -p = 3*p - 5*u - 32. Let r(c) = -c**3 - 3*c**2 + 2*c + 7. Let x be r(-3). What is the greatest common factor of p and x?
1
Let m = -630 + 690. Calculate the greatest common divisor of m and 1740.
60
Suppose 48 = 10*g - 2*g. Let w(y) = y**3 + 4*y**2 - 9*y - 2. Let k be w(-5). Calculate the highest common divisor of k and g.
6
Suppose 12 = 7*t - 3*t. Suppose -j + 88 = t*j. What is the highest common factor of 154 and j?
22
Let i be (5 + (-25)/(-2))/(1/6). What is the greatest common divisor of i and 357?
21
Let r = -35 - 18. Let p = r - -92. Let t = -15 + p. What is the greatest common factor of 60 and t?
12
Suppose 2*n + 11 = 143. Let j = -12 + 18. What is the highest common factor of j and n?
6
Let c = 54 - 127. Let d = -34 - c. What is the highest common divisor of d and 3?
3
Let u = -1528 + 1594. What is the highest common divisor of u and 1287?
33
Let h(p) = p**3 + 2*p**2 - 9*p + 6. Let v be h(4). Calculate the greatest common divisor of 54 and v.
6
Suppose -h - 5 = -16. Suppose -2*u = -h*u + 108. What is the greatest common factor of 3 and u?
3
Let q(m) = -28*m + 56. Let z be q(-6). Let y = 53 - 4. Let x = y + -21. What is the highest common divisor of x and z?
28
Let a = 4961 - 4950. Suppose 3*k + 0*k - 4*w - 615 = 0, 618 = 3*k - 3*w. What is the greatest common factor of k and a?
11
Let g = 8 + 0. Suppose -2*z - 4 = 0, -r - r - z - 36 = 0. Let i = 15 - r. Calculate the highest common divisor of g and i.
8
Let s(u) be the second derivative of 7*u**3/6 - 4*u**2 + 14*u. Let x be s(6). What is the highest common divisor of 17 and x?
17
Let s = -172 - -208. What is the greatest common factor of 288 and s?
36
Let n be 1/(-1) + 78 + -5. Suppose p - n = -p. Let o be 2 + 1 + (p - 4). Calculate the highest common factor of 14 and o.
7
Let b be (-6)/(-15) + (-1896)/(-10). Suppose -3*s + 427 = 4*t, -73 - 60 = -s + t. Let i = s - 118. What is the greatest common factor of b and i?
19
Let c be -102*(-4 + 2) - 852/142. Calculate the greatest common factor of 252 and c.
18
Let 